38 is divided by 1962.
1960
What is the remainder when 34582661 is divided by 1330?
1
What is the remainder when 11656100 is divided by 64398?
62
What is the remainder when 8079776 is divided by 5674?
0
What is the remainder when 386152211 is divided by 10161900?
11
Calculate the remainder when 6991427 is divided by 35.
2
Calculate the remainder when 29367125 is divided by 468.
125
Calculate the remainder when 9013300 is divided by 86.
70
What is the remainder when 458519 is divided by 80?
39
Calculate the remainder when 221593 is divided by 106419.
8755
Calculate the remainder when 573886 is divided by 1894.
4
Calculate the remainder when 1746580 is divided by 69.
52
What is the remainder when 517087 is divided by 246?
241
Calculate the remainder when 110977 is divided by 1388.
1325
Calculate the remainder when 28523 is divided by 229.
127
Calculate the remainder when 70562 is divided by 241.
190
Calculate the remainder when 16385975 is divided by 243.
242
Calculate the remainder when 798609 is divided by 7828.
153
Calculate the remainder when 5314320 is divided by 183.
0
Calculate the remainder when 2749707 is divided by 114571.
3
What is the remainder when 326956 is divided by 3545?
816
What is the remainder when 93409908 is divided by 110?
108
Calculate the remainder when 318449 is divided by 159203.
43
What is the remainder when 65496319 is divided by 70275?
19
Calculate the remainder when 6290313 is divided by 463.
458
Calculate the remainder when 232204 is divided by 57953.
392
What is the remainder when 28844197 is divided by 28844157?
40
Calculate the remainder when 1828082 is divided by 1860.
1562
What is the remainder when 8816 is divided by 6677?
2139
What is the remainder when 126172 is divided by 5395?
2087
Calculate the remainder when 9209757 is divided by 3069918.
3
What is the remainder when 1931673 is divided by 32739?
72
Calculate the remainder when 139259 is divided by 38.
27
What is the remainder when 92517165 is divided by 1436?
1429
What is the remainder when 61400784 is divided by 654?
648
What is the remainder when 58907 is divided by 4526?
69
What is the remainder when 6328085 is divided by 2470?
2415
Calculate the remainder when 6179041 is divided by 35.
1
Calculate the remainder when 37904 is divided by 2689.
258
What is the remainder when 1536323 is divided by 768159?
5
What is the remainder when 7945904 is divided by 72?
56
Calculate the remainder when 254198 is divided by 10587.
110
What is the remainder when 12384950 is divided by 489?
47
What is the remainder when 244981 is divided by 262?
11
What is the remainder when 1184734 is divided by 4016?
14
What is the remainder when 54040136 is divided by 14?
10
What is the remainder when 42305 is divided by 150?
5
What is the remainder when 14771940 is divided by 4818?
4770
Calculate the remainder when 7269598 is divided by 105.
28
What is the remainder when 2402207 is divided by 178?
97
What is the remainder when 12952676 is divided by 121053?
5
What is the remainder when 1480453 is divided by 47756?
17
What is the remainder when 6210191 is divided by 5892?
23
Calculate the remainder when 13065893 is divided by 34.
33
What is the remainder when 14325503 is divided by 87?
83
What is the remainder when 558590 is divided by 69815?
70
Calculate the remainder when 21305567 is divided by 91.
10
What is the remainder when 1779091 is divided by 80843?
545
Calculate the remainder when 53684745 is divided by 1843.
1841
Calculate the remainder when 1790528413 is divided by 3445.
3443
What is the remainder when 337493 is divided by 112405?
278
Calculate the remainder when 40092 is divided by 4233.
1995
Calculate the remainder when 3698673 is divided by 5005.
4983
What is the remainder when 164975 is divided by 14951?
514
Calculate the remainder when 57874 is divided by 354.
172
Calculate the remainder when 629031 is divided by 42.
39
What is the remainder when 227552 is divided by 14797?
5597
Calculate the remainder when 56947154 is divided by 103.
102
Calculate the remainder when 144826 is divided by 18064.
314
What is the remainder when 180361 is divided by 1209?
220
Calculate the remainder when 552758 is divided by 5929.
1361
What is the remainder when 102040 is divided by 4251?
16
What is the remainder when 6211646 is divided by 9586?
9504
What is the remainder when 30314931 is divided by 3177?
3174
What is the remainder when 1035851 is divided by 79677?
50
Calculate the remainder when 365892415 is divided by 5198.
5195
What is the remainder when 6787656 is divided by 3393817?
22
What is the remainder when 222909823 is divided by 98?
3
What is the remainder when 38759777 is divided by 1170?
17
Calculate the remainder when 214702 is divided by 13309.
1758
Calculate the remainder when 1048840 is divided by 28346.
38
Calculate the remainder when 80925779 is divided by 369524.
23
Calculate the remainder when 53009 is divided by 5829.
548
Calculate the remainder when 6071801 is divided by 569.
2
Calculate the remainder when 7492 is divided by 16.
4
Calculate the remainder when 179218 is divided by 1088.
786
Calculate the remainder when 13385115 is divided by 62.
59
What is the remainder when 14833347 is divided by 225?
222
What is the remainder when 2981249 is divided by 8717?
35
Calculate the remainder when 625187 is divided by 311411.
2365
Calculate the remainder when 24355638 is divided by 2076.
6
What is the remainder when 58348512 is divided by 1166970?
12
Calculate the remainder when 5867023 is divided by 11.
8
What is the remainder when 62726 is divided by 943?
488
What is the remainder when 10804978 is divided by 14?
2
Calculate the remainder when 77962788 is divided by 182.
176
What is the remainder when 88781 is divided by 3503?
1206
What is the remainder when 113434205 is divided by 656?
653
What is the remainder when 448997 is divided by 275?
197
Calculate the remainder when 91094 is divided by 5056.
86
What is the remainder when 5837918 is divided by 3317?
3315
What is the remainder when 622607 is divided by 115?
112
What is the remainder when 73954 is divided by 3416?
2218
What is the remainder when 50532969 is divided by 3170?
3169
Calculate the remainder when 961984 is divided by 25315.
14
Calculate the remainder when 12297519 is divided by 136639.
9
Calculate the remainder when 12115546 is divided by 108173.
170
What is the remainder when 201660 is divided by 6720?
60
Calculate the remainder when 663249 is divided by 16580.
49
What is the remainder when 215482 is divided by 214126?
1356
What is the remainder when 806333 is divided by 1798?
829
Calculate the remainder when 855627465 is divided by 12.
9
What is the remainder when 84210827 is divided by 19?
15
What is the remainder when 27193861 is divided by 4755?
16
What is the remainder when 878224 is divided by 768?
400
Calculate the remainder when 624823 is divided by 30.
13
Calculate the remainder when 1782507 is divided by 5305.
27
What is the remainder when 1314754 is divided by 119523?
1
What is the remainder when 2861685 is divided by 2861632?
53
What is the remainder when 7644129 is divided by 4103?
240
Calculate the remainder when 870930 is divided by 4462.
840
Calculate the remainder when 2020947 is divided by 56130.
267
Calculate the remainder when 26093 is divided by 585.
353
Calculate the remainder when 29428 is divided by 29348.
80
What is the remainder when 8603108 is divided by 110?
8
What is the remainder when 24868 is divided by 2473?
138
What is the remainder when 245209 is divided by 245195?
14
Calculate the remainder when 3301904 is divided by 29220.
44
What is the remainder when 71840 is divided by 3114?
218
Calculate the remainder when 6274666 is divided by 6403.
6129
Calculate the remainder when 62686381 is divided by 341.
10
Calculate the remainder when 338060 is divided by 835.
720
Calculate the remainder when 1279041 is divided by 6951.
57
What is the remainder when 2776 is divided by 392?
32
Calculate the remainder when 17863761 is divided by 401.
13
Calculate the remainder when 409151 is divided by 81808.
111
What is the remainder when 121178180 is divided by 58?
56
Calculate the remainder when 7814226 is divided by 16626.
6
Calculate the remainder when 158576 is divided by 276.